3 - j**3. What is the remainder when s(-2) is divided by o?
11
Let n(t) = -t**3 + 19*t**2 + 20*t + 5. Let m be n(20). Suppose 4*z - 48 = -m*i + 60, z = 2*i + 14. What is the remainder when 86 is divided by z?
20
Suppose 424*p - 426 = 418*p. Calculate the remainder when 113 is divided by p.
42
Let d(t) be the first derivative of t**3/3 + 5*t**2/2 + 7*t - 2. Suppose -2*g = -q + 14, -2*g - 22 = -5*q - 0. What is the remainder when 50 is divided by d(g)?
11
Let k(o) = 2*o**3 - 4*o**2 - o + 10. What is the remainder when 597 is divided by k(3)?
22
Suppose 294 - 954 = -30*x. Let s = -1 - -5. Calculate the remainder when x is divided by s.
2
Let l(z) = 18*z**2 - 26*z - 104. What is the remainder when l(-10) is divided by 20?
16
Let n(x) = x**3 + 32*x**2 + 28*x - 83. Calculate the remainder when 49 is divided by n(-31).
9
Suppose -5*j = -10 - 5. Suppose -j*i - b - 4*b - 4 = 0, 6 = 2*i - b. Suppose 2*s - 3*s + 5 = 0. Calculate the remainder when s is divided by i.
1
Suppose -2*o + 438 = 4. What is the remainder when o is divided by 73?
71
Calculate the remainder when (-6)/(-3)*164/8 is divided by 23.
18
Let m = 62 + -42. Suppose 16*x - m*x + 152 = 0. What is the remainder when 187 is divided by x?
35
Suppose 2*s = -b - b + 26, 51 = 3*b - s. Suppose 0 = -m + 10 + b. Calculate the remainder when m is divided by 15.
11
Suppose 3*q = -q - 4, -233 = -o + q. Calculate the remainder when o is divided by 26.
24
Let y(b) = -b**3 - 6*b**2 - 10*b. Calculate the remainder when 419 is divided by y(-6).
59
Let p(s) be the second derivative of -s**5/20 - 7*s**4/12 - 2*s**3 + s**2 + 3*s. Let v be p(-5). What is the remainder when 36 is divided by v/18*(-57)/(-2)?
17
Let m = -102 + 65. Let h = -12 - m. What is the remainder when h is divided by 10?
5
Suppose -3*l = -4*q + 63, 0 = 3*q - 18*l + 13*l - 50. What is the remainder when 1783 is divided by q?
13
Let u = -17 - -8. Let k be u + 11 - (0 + 2). Suppose k = -m + 4*m - 147. What is the remainder when m is divided by 17?
15
Suppose -7*k + 10 = -319. Calculate the remainder when 229 is divided by k.
41
Let n be -46 - (-4)/(-8)*-6. Let l = n - -58. Calculate the remainder when (-441)/(-15) - 4/10 is divided by l.
14
Suppose 6*q - 725 = -5*n + 2*q, 5*n - 750 = q. Calculate the remainder when n is divided by 19.
16
Let m(j) = j**3 - 27*j**2 + 27*j - 23. Let r be m(26). Suppose -3*i + 5 + 38 = -4*o, r*o = -i + 36. What is the remainder when i is divided by 6?
3
Let q(x) = -7*x + 47. Let p be q(6). Calculate the remainder when 209 is divided by p/10*-6*-5.
14
Suppose -h = -3*h + 142. Let s = 1492 - 1455. What is the remainder when h is divided by s?
34
Let a(f) = -5*f**2 - 6 + 4*f**2 - 4*f - 5*f. Let k be a(-5). Suppose h = 2*h - k. What is the remainder when 41 is divided by h?
13
Suppose f - 239 = -5*u, 3*u - 70 = 5*f + 51. What is the remainder when 138 is divided by u?
44
Suppose -3*i - 5*z = -12, 3*i = -i + 2*z + 42. Let w = 12 - i. What is the remainder when ((-15)/(-2))/((-3)/(-4)) is divided by w?
1
Suppose k + 5*z - 15 = 2*z, -3*k = 3*z - 15. Suppose 45 = h + 4*u, k - 10 = -h + 3*u. Calculate the remainder when 98 is divided by h.
23
Suppose 5*t - 55 = -60. What is the remainder when 52 + (-1 + 6)/t is divided by 12?
11
Let f(c) = c**3 - 13*c**2 - 31*c + 34. What is the remainder when 111 is divided by f(15)?
16
Let z(a) = -29*a**3 + 6*a + 6. Let n(x) = -3*x**3 + 3*x**2 - x + 3. Calculate the remainder when n(-3) is divided by z(-1).
27
Let a be (0*3/(-6))/2. Suppose a = 4*s + 3*i - 82, -2*s + 2*i = s - 53. Calculate the remainder when 5 - (-34 + 5)*3 is divided by s.
16
Let c = 224 + -130. Suppose 0 = 3*i - m - 78, 3*i = -m + 36 + 36. Calculate the remainder when c is divided by i.
19
Let f = -9 + 15. Suppose r - f - 14 = 0. Let c(u) = u**3 - 5*u**2 - 6*u + 7. Calculate the remainder when r is divided by c(6).
6
Suppose 8*p - 3*p - 5 = 0, 3*x + 4*p - 19 = 0. Suppose -2 = x*j + 3*o, -6*o - 12 = 4*j - o. Let m = 6 + -4. What is the remainder when j is divided by m?
0
Let d = -92 + 112. Let a be (3 + -3)*(-1)/2. Suppose a = -2*o + 2*t + 8, 2*o - 11 = -0*o + t. What is the remainder when d is divided by o?
6
Let r(l) = -l**3 - l**2 + 5*l - 1. Suppose -72*a + 22*a = -800. What is the remainder when r(-4) is divided by a?
11
Let o(p) = 4*p + 27. Let m(u) = -2*u - 14. Let q(x) = -11*m(x) - 6*o(x). Calculate the remainder when 44 is divided by q(-10).
8
Suppose -2*a + 5*u = 3*a - 20, a = -3*u - 4. Let r be a/9 - (-10)/(-45). Suppose 264 = 4*c - r*c. What is the remainder when c is divided by 17?
15
Suppose 745 = -51*i + 4417. Calculate the remainder when 94 is divided by i.
22
Let w = 89 + 18. Calculate the remainder when w is divided by 24.
11
Let s = 3 + 2. Suppose 38 = s*p - 72. Let b = p - 8. What is the remainder when b is divided by 5?
4
Suppose -2*o = -4*o + 126. Suppose -o = 5*b + 62. Let j = 45 + b. What is the remainder when 79 is divided by j?
19
Suppose -16 = 4*j - 8*j. Suppose u + 5*h - 25 = -5, j*u - 5*h = 105. Suppose -3*p + 38 + u = 0. Calculate the remainder when p is divided by 11.
10
Let c = -274 + 661. Calculate the remainder when c is divided by 15.
12
Suppose q - 2 = 6. Let c = 24 - q. What is the remainder when (58/(-6))/(2/(-6)) is divided by c?
13
Suppose 447 = 32*q - 29*q. Calculate the remainder when q is divided by 26.
19
Let u(t) = 286*t**2 - 2*t - 3. Calculate the remainder when u(-1) is divided by 24.
21
Let b = 1096 + -1068. What is the remainder when b is divided by 15?
13
Calculate the remainder when 75 is divided by (-4)/(-8) - ((-153)/2)/3.
23
Suppose g = -3*g - 96. Let o = g + 31. Suppose 5*x + 3*y = 134, 5*y + 85 = -x + 5*x. Calculate the remainder when x is divided by o.
4
Let k(v) = -v + 9. What is the remainder when 32 is divided by k(-11)?
12
Let o(t) = -5*t + 6. Suppose 4*w - 213 - 391 = 4*g, 5*w = -3*g + 763. Calculate the remainder when w is divided by o(-5).
28
Suppose 4*i + 5 = 1. Let v(x) = x**3 + 4*x**2 - 6*x + 7. Calculate the remainder when i/(-2*(-1)/(-118)) is divided by v(-5).
11
Suppose 5*r = 2*r + 141. Suppose -63*y = -100*y + 592. Calculate the remainder when r is divided by y.
15
Let d(t) be the third derivative of t**5/60 - 7*t**4/6 + 20*t**3/3 - 19*t**2. What is the remainder when 23 is divided by d(27)?
10
Suppose 412 = -3*q - 6*f + 4*f, 3*q + 416 = 2*f. Let r = q + 16. What is the remainder when 94 is divided by r/(-5) - 22/55?
22
Let u = -1 - -16. Suppose -48*o + u = -45*o. Calculate the remainder when o is divided by 3.
2
Suppose -3*c - 30 = 2*c. Let v be (3 + (-6)/8)*4. Let i = v + c. Calculate the remainder when 8 is divided by i.
2
Let a = 118 - 66. What is the remainder when a is divided by 13 + -7 - 3*(2 - 3)?
7
Suppose -5*a + l - 5*l - 144 = 0, 2*l = -3*a - 88. Let j = a + 44. What is the remainder when 21 is divided by j?
9
Suppose -13*t - 70*t + 3735 = 0. What is the remainder when 341 is divided by t?
26
Suppose 0 = -2*f + 22 + 2. Suppose 0 = -3*t - t + f. Suppose -w = 4*k - 15, 4*w + t*k - k - 74 = 0. What is the remainder when 54 is divided by w?
16
Let v(n) = n - 1. Let d be v(1). Suppose d = 5*h + 59 + 21. Let x = 19 + h. What is the remainder when x is divided by 3?
0
Suppose -4*a + 11 = 31, 3*a = -5*n + 205. Calculate the remainder when n is divided by 16.
12
Suppose -63*w + 64*w - 15 = 0. What is the remainder when (128/6)/(10/w) is divided by 12?
8
Let p = -6 - -6. Suppose p*w = 4*w - 52. What is the remainder when (w + -12)*(1 + 168) is divided by 43?
40
Let w = 7548 - 4605. What is the remainder when w/33 + (-8)/44 is divided by 30?
29
Suppose 11*s + 11*s = 286. Calculate the remainder when 71 is divided by s.
6
Let i(z) = 27*z**2 + 2*z - 3. Suppose 4*o = -5*o + 252. What is the remainder when i(2) is divided by o?
25
Let d(z) = z + 58. Suppose 49*t + 21*t = 1375 + 25. Calculate the remainder when d(0) is divided by t.
18
Suppose -r + 146 = -2*x, -35*r = -33*r - 2*x - 282. What is the remainder when r is divided by 23?
21
Let a(r) = -9*r**2 - r + 4. Let v be a(4). What is the remainder when ((-3)/4)/(3/v) is divided by 19?
17
Let j = 29 - -40. Let d(z) = z**3 + z**2 - 13*z - 3. What is the remainder when j is divided by d(-3)?
15
Let j(b) = 26*b - 153. What is the remainder when j(10) is divided by 87?
20
Let b(l) = -l**2 - 3*l + 19. L